{"id":1354,"date":"2025-09-03T09:54:05","date_gmt":"2025-09-03T09:54:05","guid":{"rendered":"https:\/\/yapadu.es\/?page_id=1354"},"modified":"2025-09-16T08:37:30","modified_gmt":"2025-09-16T08:37:30","slug":"banner-3-el-agua-de-valencia","status":"publish","type":"page","link":"https:\/\/yapadu.es\/ca\/banner-3-el-agua-de-valencia\/","title":{"rendered":"BANNER 3: El agua de Valencia"},"content":{"rendered":"<section class=\"section\" id=\"section_440509824\">\n\t\t<div class=\"bg section-bg fill bg-fill  bg-loaded\" >\n\n\t\t\t\n\t\t\t\n\t\t\t\n\n\t\t<\/div><!-- .section-bg -->\n\n\t\t<div class=\"section-content relative\">\n\t\t\t\n\n<a href=\"https:\/\/yapadu.es\/ca\/\" target=\"_self\" class=\"button primary\"  >\n  <i class=\"icon-angle-left\" ><\/i>  <span>volver a inicio<\/span>\n  <\/a>\n\n\n<div class=\"row row-collapse\"  id=\"row-250319390\">\n\n<div class=\"col medium-6 small-12 large-6\"  ><div class=\"col-inner\"  >\n\n<h2 class=\"uppercase\"><span style=\"font-size: 200%; color: #ffffff;\" data-line-height=\"xl\"><strong>\u00abEL AGUA DE VALENCIA\u00bb<\/strong><\/span><\/h2>\n\t<div class=\"img has-hover x md-x lg-x y md-y lg-y\" id=\"image_969629257\">\n\t\t\t\t\t\t\t\t<div class=\"img-inner dark\" >\n\t\t\t<img loading=\"lazy\" decoding=\"async\" width=\"819\" height=\"1024\" src=\"https:\/\/yapadu.es\/wp-content\/uploads\/2025\/09\/El-Agua-de-Valencia-6_Alejandro-Amat-819x1024.jpg\" class=\"attachment-large size-large\" alt=\"\" srcset=\"https:\/\/yapadu.es\/wp-content\/uploads\/2025\/09\/El-Agua-de-Valencia-6_Alejandro-Amat-819x1024.jpg 819w, https:\/\/yapadu.es\/wp-content\/uploads\/2025\/09\/El-Agua-de-Valencia-6_Alejandro-Amat-240x300.jpg 240w, https:\/\/yapadu.es\/wp-content\/uploads\/2025\/09\/El-Agua-de-Valencia-6_Alejandro-Amat-768x960.jpg 768w, https:\/\/yapadu.es\/wp-content\/uploads\/2025\/09\/El-Agua-de-Valencia-6_Alejandro-Amat-1229x1536.jpg 1229w, https:\/\/yapadu.es\/wp-content\/uploads\/2025\/09\/El-Agua-de-Valencia-6_Alejandro-Amat.jpg 1440w\" sizes=\"auto, (max-width: 819px) 100vw, 819px\" \/>\t\t\t\t\t\t\n\t\t\t\t\t<\/div>\n\t\t\t\t\t\t\t\t\n<style scope=\"scope\">\n\n#image_969629257 {\n  width: 100%;\n}\n<\/style>\n\t<\/div>\n\t\n\n\n<\/div><\/div>\n<div class=\"col medium-1 small-12 large-1\"  ><div class=\"col-inner text-center\"  data-parallax-fade=\"true\" data-parallax=\"-6\">\n\n\t<div id=\"gap-483300876\" class=\"gap-element clearfix\" style=\"display:block; height:auto;\">\n\t\t\n<style scope=\"scope\">\n\n#gap-483300876 {\n  padding-top: 30px;\n}\n<\/style>\n\t<\/div>\n\t\n\n\n<\/div><\/div>\n<div class=\"col medium-5 small-12 large-5\"  ><div class=\"col-inner\"  >\n\n<p><script>\ndocument.querySelectorAll('.no-red, .no-red *').forEach(el => {el.style.setProperty('background', 'none', 'important');el.style.setProperty('background-color', 'transparent', 'important');\n});\n<\/script><\/p>\n<p style=\"padding-left: 40px;\">\n<style>\n.texto-historico {font-size: 120%;color: #c0c0c0;background: none !important;\n}\n.texto-historico * {background: none !important;\n}\n<\/style>\n<\/p>\n<div class=\"texto-historico\">\n<p>Lope de Vega, bandejat de la cort, arriba a Val\u00e8ncia a la recerca de refugi. Lope ve fugint de Madrid, per\u00f2 eixa capital no \u00e9s l'esplendorosa capital que coneixem hui, sin\u00f3 una vila que comen\u00e7a a ser ciutat. No obstant aix\u00f2, Val\u00e8ncia, capital cultural i econ\u00f2mica de la Corona d'Arag\u00f3 es mostrar\u00e0 als ulls de *Lope com una metr\u00f2poli multicultural amb moriscos, jueus, italians, francesos, alemanys i grecs poblant els seus carrers. Una ciutat plena de cultura, de vida i, sobretot, de dramaturgs.<\/p>\n<p>T\u00e1rrega, Aguilar, T\u00faria, Boil i especialment, Guillem de Castro, un jove de vint anys amb qu\u00e8 tra\u00e7ar\u00e0 una gran amistat. En les seues aventures, batusses i tribulacions, Lope i Guillem coneixen a Constan\u00e7a de Perell\u00f3s, esposa del noble, poeta i dramaturg Bernat Catal\u00e1 de Valeriola i entre els tres establixen un triangle amor\u00f3s i literari que compromet les seues vides i el seu honor.<\/p>\n<p>Vida i literatura s'entrecreuen per a demostrar que la ficci\u00f3, en moltes ocasions, est\u00e0 molt pegada a la realitat.<\/p>\n<p>En el recentment inaugurat estiu de 1590, en una lluminosa Val\u00e8ncia inundada de justes po\u00e8tiques, poblada d'escriptors, estudiants, dames i criades, i assetjada per pirates, Lope est\u00e0 a punt d'estrenar la seua \u00faltima obra L'aigua de Val\u00e8ncia (hui perduda) el dia 23 de juny, vespra de Sant Joan. L'estrena hauria d'haver sigut el perfecte final del seu desterrament, abans de tornar a Madrid. Enmig de les celebracions, mentres cremen les fogueres a la platja, un succ\u00e9s greu desemboca en la precipitada partida de Lope, qui mai veur\u00e0 estrenar la seua obra en el Corral de la Olivera.<\/p>\n<\/div>\n\n<\/div><\/div>\n\n\n<style scope=\"scope\">\n\n<\/style>\n<\/div>\n\n\t\t<\/div><!-- .section-content -->\n\n\t\t\n<style scope=\"scope\">\n\n#section_440509824 {\n  padding-top: 30px;\n  padding-bottom: 30px;\n  background-color: rgb(0, 0, 0);\n}\n<\/style>\n\t<\/section>\n\t\n\n  <div class=\"banner has-hover\" id=\"banner-951590322\">\n          <div class=\"banner-inner fill\">\n        <div class=\"banner-bg fill\" >\n            <div class=\"bg fill bg-fill\"><\/div>\n                                    \n                    <\/div><!-- bg-layers -->\n        <div class=\"banner-layers container\">\n            <div class=\"fill banner-link\"><\/div>            \n\n   <div id=\"text-box-1901915405\" class=\"text-box banner-layer x50 md-x50 lg-x50 y50 md-y50 lg-y50 res-text\">\n                                <div class=\"text dark\">\n              \n              <div class=\"text-inner text-center\">\n                  \n\n\n              <\/div>\n           <\/div><!-- text-box-inner -->\n                            \n<style scope=\"scope\">\n\n#text-box-1901915405 {\n  width: 60%;\n}\n#text-box-1901915405 .text {\n  font-size: 100%;\n}\n<\/style>\n    <\/div><!-- text-box -->\n \n\n        <\/div><!-- .banner-layers -->\n      <\/div><!-- .banner-inner -->\n\n            \n<style scope=\"scope\">\n\n#banner-951590322 {\n  padding-top: 500px;\n}\n#banner-951590322 .bg.bg-loaded {\n  background-image: url(https:\/\/yapadu.es\/wp-content\/uploads\/2025\/09\/El-Agua-de-Valencia-5_Tobias-Cedola-1024x684.jpg);\n}\n<\/style>\n  <\/div><!-- .banner -->\n\n\n\t<section class=\"section\" id=\"section_1420179735\">\n\t\t<div class=\"bg section-bg fill bg-fill  bg-loaded\" >\n\n\t\t\t\n\t\t\t\n\t\t\t\n\n\t\t<\/div><!-- .section-bg -->\n\n\t\t<div class=\"section-content relative\">\n\t\t\t\n\n<div class=\"row\"  id=\"row-711315097\">\n\n<div class=\"col medium-6 small-12 large-6\"  ><div class=\"col-inner\"  >\n\n<h1 class=\"uppercase\" data-padding=\"5px\"><span style=\"font-size: 160%;\"><strong>FITXA ART\u00cdSTICA<\/strong><\/span><\/h1>\n<p class=\"data-line-height=\" data-line-height=\"xl\">AUTOR\u00cdA: Daniel Tormo, Anna Mari y Javier Sahuquillo<\/p>\n<p class=\"data-line-height=\" data-line-height=\"xl\">direcci\u00f3n: Anna Mari y javier Sahuquillo<\/p>\n<p class=\"data-line-height=\" data-line-height=\"xl\">REPARTO:Rebeca Valls,<br \/>\nJos\u00e9 Juan Sevilla,<br \/>\nSergio Villanueva,<br \/>\nPaloma Vidal,<br \/>\nRa\u00fal Lled\u00f3,<br \/>\nAina Gimeno, Marta Estal <\/p>\n<p class=\"data-line-height=\" data-line-height=\"xl\">COORDINACI\u00d3N DE LA COPRODUCCI\u00d3N: Roc\u00edo Huet y Amparo Tortajada <\/p>\n<p class=\"data-line-height=\" data-line-height=\"xl\">PRODUCCCI\u00d3N EJECUTIVA: Yavh\u00e9 Ramos <\/p>\n<p class=\"data-line-height=\" data-line-height=\"xl\">COMPOSICI\u00d3N Y DIRECCI\u00d3N MUSICAL: Panchi Viv\u00f3 <\/p>\n<p class=\"data-line-height=\" data-line-height=\"xl\">DISE\u00d1O DE ILUMINACI\u00d3N:Pablo Fern\u00e1ndez <\/p>\n<p class=\"data-line-height=\" data-line-height=\"xl\">ESPACIO ESC\u00c9NICO Y FIGURISMO: Yajaira B <\/p>\n\n<\/div><\/div>\n<div class=\"col medium-6 small-12 large-6\"  ><div class=\"col-inner\"  >\n\n<p>COREOGRAF\u00cdA: Julia Cambra<\/p>\n<p>DISE\u00d1O DE SONIDO: Eduardo Soriano<\/p>\n<p>ASESOR\u00cdA DE VOZ: Toni Mis\u00f3<\/p>\n<p>MAESTRO DE ARMAS: Jos\u00e9 Juan Sevilla<\/p>\n<p>CONFECCI\u00d3N DE VESTUARIO: Pascual Peris<\/p>\n<p>ASESOR\u00cdA DE CANTO: Mireia Mar\u00ed<\/p>\n<p>ASESOR\u00cdA HIST\u00d3RICA: Joan Olesa y Teresa Ferrer<\/p>\n<p>MATERIAL AUDIOVISUAL: Puerta 3<\/p>\n<p>PRENSA Y COMUNICACI\u00d3N: Mercedes Zarag\u00fceta<\/p>\n<p>ADMINISTRACI\u00d3N: Amparo Tortajada<\/p>\n<p>CARTEL: Patossa<\/p>\n\n<\/div><\/div>\n\n<\/div>\n\n\t\t<\/div><!-- .section-content -->\n\n\t\t\n<style scope=\"scope\">\n\n#section_1420179735 {\n  padding-top: 30px;\n  padding-bottom: 30px;\n}\n<\/style>\n\t<\/section>","protected":false},"excerpt":{"rendered":"","protected":false},"author":1,"featured_media":0,"parent":0,"menu_order":0,"comment_status":"closed","ping_status":"closed","template":"page-blank.php","meta":{"footnotes":""},"class_list":["post-1354","page","type-page","status-publish","hentry"],"_links":{"self":[{"href":"https:\/\/yapadu.es\/ca\/wp-json\/wp\/v2\/pages\/1354","targetHints":{"allow":["GET"]}}],"collection":[{"href":"https:\/\/yapadu.es\/ca\/wp-json\/wp\/v2\/pages"}],"about":[{"href":"https:\/\/yapadu.es\/ca\/wp-json\/wp\/v2\/types\/page"}],"author":[{"embeddable":true,"href":"https:\/\/yapadu.es\/ca\/wp-json\/wp\/v2\/users\/1"}],"replies":[{"embeddable":true,"href":"https:\/\/yapadu.es\/ca\/wp-json\/wp\/v2\/comments?post=1354"}],"version-history":[{"count":15,"href":"https:\/\/yapadu.es\/ca\/wp-json\/wp\/v2\/pages\/1354\/revisions"}],"predecessor-version":[{"id":1582,"href":"https:\/\/yapadu.es\/ca\/wp-json\/wp\/v2\/pages\/1354\/revisions\/1582"}],"wp:attachment":[{"href":"https:\/\/yapadu.es\/ca\/wp-json\/wp\/v2\/media?parent=1354"}],"curies":[{"name":"wp","href":"https:\/\/api.w.org\/{rel}","templated":true}]}}

<section class="section" id="section_440509824">
		<div class="bg section-bg fill bg-fill  bg-loaded" >

			
			
			

		</div><!-- .section-bg -->

		<div class="section-content relative">
			

<a href="https://yapadu.es/ca/" target="_self" class="button primary"  >
  <i class="icon-angle-left" ></i>  <span>volver a inicio</span>
  </a>


<div class="row row-collapse"  id="row-250319390">

<div class="col medium-6 small-12 large-6"  ><div class="col-inner"  >

<h2 class="uppercase"><span style="font-size: 200%; color: #ffffff;" data-line-height="xl"><strong>«EL AGUA DE VALENCIA»</strong></span></h2>
	<div class="img has-hover x md-x lg-x y md-y lg-y" id="image_969629257">
								<div class="img-inner dark" >
			<img loading="lazy" decoding="async" width="819" height="1024" src="https://yapadu.es/wp-content/uploads/2025/09/El-Agua-de-Valencia-6_Alejandro-Amat-819x1024.jpg" class="attachment-large size-large" alt="" srcset="https://yapadu.es/wp-content/uploads/2025/09/El-Agua-de-Valencia-6_Alejandro-Amat-819x1024.jpg 819w, https://yapadu.es/wp-content/uploads/2025/09/El-Agua-de-Valencia-6_Alejandro-Amat-240x300.jpg 240w, https://yapadu.es/wp-content/uploads/2025/09/El-Agua-de-Valencia-6_Alejandro-Amat-768x960.jpg 768w, https://yapadu.es/wp-content/uploads/2025/09/El-Agua-de-Valencia-6_Alejandro-Amat-1229x1536.jpg 1229w, https://yapadu.es/wp-content/uploads/2025/09/El-Agua-de-Valencia-6_Alejandro-Amat.jpg 1440w" sizes="auto, (max-width: 819px) 100vw, 819px" />						
					</div>
								
<style scope="scope">

#image_969629257 {
  width: 100%;
}
</style>
	</div>
	


</div></div>
<div class="col medium-1 small-12 large-1"  ><div class="col-inner text-center"  data-parallax-fade="true" data-parallax="-6">

	<div id="gap-483300876" class="gap-element clearfix" style="display:block; height:auto;">
		
<style scope="scope">

#gap-483300876 {
  padding-top: 30px;
}
</style>
	</div>
	


</div></div>
<div class="col medium-5 small-12 large-5"  ><div class="col-inner"  >

<p><script>
document.querySelectorAll('.no-red, .no-red *').forEach(el => {el.style.setProperty('background', 'none', 'important');el.style.setProperty('background-color', 'transparent', 'important');
});
</script></p>
<p style="padding-left: 40px;">
<style>
.texto-historico {font-size: 120%;color: #c0c0c0;background: none !important;
}
.texto-historico * {background: none !important;
}
</style>
</p>
<div class="texto-historico">
<p>Lope de Vega, bandejat de la cort, arriba a València a la recerca de refugi. Lope ve fugint de Madrid, però eixa capital no és l'esplendorosa capital que coneixem hui, sinó una vila que comença a ser ciutat. No obstant això, València, capital cultural i econòmica de la Corona d'Aragó es mostrarà als ulls de *Lope com una metròpoli multicultural amb moriscos, jueus, italians, francesos, alemanys i grecs poblant els seus carrers. Una ciutat plena de cultura, de vida i, sobretot, de dramaturgs.</p>
<p>Tárrega, Aguilar, Túria, Boil i especialment, Guillem de Castro, un jove de vint anys amb què traçarà una gran amistat. En les seues aventures, batusses i tribulacions, Lope i Guillem coneixen a Constança de Perellós, esposa del noble, poeta i dramaturg Bernat Catalá de Valeriola i entre els tres establixen un triangle amorós i literari que compromet les seues vides i el seu honor.</p>
<p>Vida i literatura s'entrecreuen per a demostrar que la ficció, en moltes ocasions, està molt pegada a la realitat.</p>
<p>En el recentment inaugurat estiu de 1590, en una lluminosa València inundada de justes poètiques, poblada d'escriptors, estudiants, dames i criades, i assetjada per pirates, Lope està a punt d'estrenar la seua última obra L'aigua de València (hui perduda) el dia 23 de juny, vespra de Sant Joan. L'estrena hauria d'haver sigut el perfecte final del seu desterrament, abans de tornar a Madrid. Enmig de les celebracions, mentres cremen les fogueres a la platja, un succés greu desemboca en la precipitada partida de Lope, qui mai veurà estrenar la seua obra en el Corral de la Olivera.</p>
</div>

</div></div>


<style scope="scope">

</style>
</div>

		</div><!-- .section-content -->

		
<style scope="scope">

#section_440509824 {
  padding-top: 30px;
  padding-bottom: 30px;
  background-color: rgb(0, 0, 0);
}
</style>
	</section>
	

  <div class="banner has-hover" id="banner-951590322">
          <div class="banner-inner fill">
        <div class="banner-bg fill" >
            <div class="bg fill bg-fill"></div>
                                    
                    </div><!-- bg-layers -->
        <div class="banner-layers container">
            <div class="fill banner-link"></div>            

   <div id="text-box-1901915405" class="text-box banner-layer x50 md-x50 lg-x50 y50 md-y50 lg-y50 res-text">
                                <div class="text dark">
              
              <div class="text-inner text-center">
                  


              </div>
           </div><!-- text-box-inner -->
                            
<style scope="scope">

#text-box-1901915405 {
  width: 60%;
}
#text-box-1901915405 .text {
  font-size: 100%;
}
</style>
    </div><!-- text-box -->
 

        </div><!-- .banner-layers -->
      </div><!-- .banner-inner -->

            
<style scope="scope">

#banner-951590322 {
  padding-top: 500px;
}
#banner-951590322 .bg.bg-loaded {
  background-image: url(https://yapadu.es/wp-content/uploads/2025/09/El-Agua-de-Valencia-5_Tobias-Cedola-1024x684.jpg);
}
</style>
  </div><!-- .banner -->


	<section class="section" id="section_1420179735">
		<div class="bg section-bg fill bg-fill  bg-loaded" >

			
			
			

		</div><!-- .section-bg -->

		<div class="section-content relative">
			

<div class="row"  id="row-711315097">

<div class="col medium-6 small-12 large-6"  ><div class="col-inner"  >

<h1 class="uppercase" data-padding="5px"><span style="font-size: 160%;"><strong>FITXA ARTÍSTICA</strong></span></h1>
<p class="data-line-height=" data-line-height="xl">AUTORÍA: Daniel Tormo, Anna Mari y Javier Sahuquillo</p>
<p class="data-line-height=" data-line-height="xl">dirección: Anna Mari y javier Sahuquillo</p>
<p class="data-line-height=" data-line-height="xl">REPARTO:Rebeca Valls,<br />
José Juan Sevilla,<br />
Sergio Villanueva,<br />
Paloma Vidal,<br />
Raúl Lledó,<br />
Aina Gimeno, Marta Estal </p>
<p class="data-line-height=" data-line-height="xl">COORDINACIÓN DE LA COPRODUCCIÓN: Rocío Huet y Amparo Tortajada </p>
<p class="data-line-height=" data-line-height="xl">PRODUCCCIÓN EJECUTIVA: Yavhé Ramos </p>
<p class="data-line-height=" data-line-height="xl">COMPOSICIÓN Y DIRECCIÓN MUSICAL: Panchi Vivó </p>
<p class="data-line-height=" data-line-height="xl">DISEÑO DE ILUMINACIÓN:Pablo Fernández </p>
<p class="data-line-height=" data-line-height="xl">ESPACIO ESCÉNICO Y FIGURISMO: Yajaira B </p>

</div></div>
<div class="col medium-6 small-12 large-6"  ><div class="col-inner"  >

<p>COREOGRAFÍA: Julia Cambra</p>
<p>DISEÑO DE SONIDO: Eduardo Soriano</p>
<p>ASESORÍA DE VOZ: Toni Misó</p>
<p>MAESTRO DE ARMAS: José Juan Sevilla</p>
<p>CONFECCIÓN DE VESTUARIO: Pascual Peris</p>
<p>ASESORÍA DE CANTO: Mireia Marí</p>
<p>ASESORÍA HISTÓRICA: Joan Olesa y Teresa Ferrer</p>
<p>MATERIAL AUDIOVISUAL: Puerta 3</p>
<p>PRENSA Y COMUNICACIÓN: Mercedes Zaragüeta</p>
<p>ADMINISTRACIÓN: Amparo Tortajada</p>
<p>CARTEL: Patossa</p>

</div></div>

</div>

		</div><!-- .section-content -->

		
<style scope="scope">

#section_1420179735 {
  padding-top: 30px;
  padding-bottom: 30px;
}
</style>
	</section>
